. Calculate the remainder when 404 is divided by x.
27
Let k(y) = -2*y**3 - 3*y**2 + 8*y + 10. What is the remainder when k(-4) is divided by (-2)/12 - 724/(-24)?
28
Let a(p) = -p**2 - 12*p + 11. Let t be a(-13). Let m be (-12)/(-4*t/(-4)). Calculate the remainder when 65 is divided by ((-17)/4)/(m/(-24)).
14
Suppose 21*j - 597 = 432. Suppose 5*x = -0*x - 165. Let k = j + x. Calculate the remainder when k is divided by 10.
6
Suppose -q + 0 + 0 = 0. Suppose q = 4*y + 6 - 30. What is the remainder when y is divided by 4?
2
Suppose 4*u - 30 = 2*a, -4*u = -2*a + 4*a + 38. Let o = -8 - a. Suppose 7*m + 92 = o*m. Calculate the remainder when m is divided by 24.
22
Let a(t) = t**3 - 6*t**2 - 7*t + 3. Let w be a(7). What is the remainder when ((-1)/w)/(4/(-780)) is divided by 22?
21
Let s(r) = 4*r**3 - 15*r**2 + r + 23. Let z(m) = 5*m**3 - 16*m**2 + 24. Let g(o) = 6*s(o) - 5*z(o). What is the remainder when g(-11) is divided by 19?
16
Suppose 4*z + 2 = 4*j + 386, -5*j - 112 = -z. Suppose 0 = -15*b - 11*b + 494. What is the remainder when z is divided by b?
16
Let n = -21 + 30. Let i = -174 - -177. What is the remainder when n is divided by i?
0
Suppose -2*l - 570 = -7*l. Let v = 164 - l. Let n(j) = -j**2 - 7*j + 3. Calculate the remainder when v is divided by n(-5).
11
Let d(v) = 12*v - 6. Suppose -160 = 5*z + 2*f, -2*z - 5*f = 18 + 25. Let n = -17 - z. What is the remainder when d(6) is divided by n?
15
Let r(g) = 6*g - 5. Let n(d) = 9*d - 7. Let j(s) = -5*n(s) + 7*r(s). Let a be j(1). Calculate the remainder when 48 is divided by 1*(4 + a + 16).
14
Suppose 5*z = -2*w + 1189, 0*z + 2*w + 245 = z. What is the remainder when z is divided by 11?
8
Let c(i) = i**3 - 2*i**2 + i. Let u be (-52 + 11)*(1 + 0). Let l = u - -42. What is the remainder when c(2) is divided by l?
0
Let d(n) = -n**2 + 14*n + 13. Suppose 0 = -3*f - r + 43, 2*r = -0 + 8. Let i = 26 - f. Calculate the remainder when d(12) is divided by i.
11
Let a(d) = -13*d - 10. Suppose -4 = -3*f + 5. Suppose -b = -5*l + 305, b - 67 = 2*l - f*l. Calculate the remainder when l is divided by a(-2).
14
Suppose 4*x - 35 = 9*x - c, -4*c = x + 28. Let z = 40 - 28. What is the remainder when -2*(-2)/x*(-1156)/17 is divided by z?
10
Let g(t) = 3*t + 41. Let h be g(-16). Calculate the remainder when h/(35/20) + 88 is divided by 17.
16
Suppose -v + 163 = 5*t, -13 = 5*v - 3. What is the remainder when t is divided by 18?
15
Let k = 15 - -28. Calculate the remainder when k is divided by 25.
18
Calculate the remainder when (152/(-6))/(76/(-114)) is divided by 18.
2
Let p(t) = -t**3 - 10*t**2 - 18*t - 12. Let u be p(-8). Suppose -4*j + 328 = u*j. Calculate the remainder when 201 is divided by j.
37
What is the remainder when 59 is divided by ((-60)/(-14))/(1 + (-44)/56)?
19
Suppose 4*d + 4*c = 24, 65 = 5*d + 7*c - 9*c. What is the remainder when 79 is divided by d?
2
Calculate the remainder when (45/(-25))/((-5)/50) is divided by 2.
0
Suppose -368 + 484 = 4*r. Calculate the remainder when 130 is divided by r.
14
Suppose 7*c + 4*s = 3*c + 44, 2*s = -3*c + 28. Calculate the remainder when 33 is divided by c.
3
Suppose -u = -2*u + 11. Suppose -14 = w - 17. Suppose -w*a + 55 + 65 = 0. What is the remainder when a is divided by u?
7
Suppose 0 = -4*c + 31 + 61. Suppose 6*i - 3*i - 5*r - 11 = 0, -r = 3*i - c. Suppose 9 = -6*j + 33. Calculate the remainder when i is divided by j.
3
Let k(i) = -3*i**2 + 49*i + 15. Calculate the remainder when k(10) is divided by 16.
13
Let p = -13 + 13. Let z(g) = -2*g**3 + g**2 - g + 53. Calculate the remainder when z(p) is divided by 14.
11
Let y = 56 + -19. Calculate the remainder when 145 is divided by y.
34
Let b(o) = o - 7. Let n be b(9). Suppose n*l + 2*l = 40. Calculate the remainder when 1/((-4)/6 - 41/(-57)) is divided by l.
9
Let c(r) = -4*r. Suppose 19*x - 4 = 20*x. What is the remainder when 29 is divided by c(x)?
13
Let k(a) = -23 + 47 - 28 + 14*a. Let q be k(-2). Calculate the remainder when q/(-40)*(-205)/(-2) is divided by 28.
26
Suppose 5*p - 6*p = -54. Let l = p + -21. Calculate the remainder when 91 is divided by l.
25
Let d be (-9)/6*(-20)/3. Suppose -8*g - 26 = -d*g. Suppose g + 7 = -5*w, -4*i + 8 = 3*w. Calculate the remainder when 14 is divided by i.
4
Let w = -111 + 246. Let r = 146 - w. What is the remainder when 97 is divided by r?
9
Let o be 22/33 + 616/3. Suppose 9*n - 352 = o. Let q = 24 + -3. Calculate the remainder when n is divided by q.
20
What is the remainder when 49 is divided by 28 + 1/((-10)/(-12) - 1)?
5
Calculate the remainder when 115 is divided by 1/(9/(-63))*(-58)/7.
57
Suppose 2*q + q - 15 = 0. Suppose -m = 4*i - 98, 8*i - q*m - 86 = 4*i. What is the remainder when 207/12*(5 - 1) is divided by i?
21
Suppose -56 + 36 = -4*n. Suppose 0 = y - 3*v - 19 - 6, 0 = n*y - 2*v - 151. What is the remainder when 121 is divided by y?
28
Let b(g) = -3*g - 4. Let h be b(-4). Suppose 3*m + 30 = h*m. Calculate the remainder when (-10)/(-2) + 12/(-2) - -10 is divided by m.
3
Let m(b) = -b**3 + 7*b**2 + 10*b - 13. Calculate the remainder when 15 is divided by m(8).
0
Suppose 3*v - 2*d - 26 = 0, -3*v - 2*d + 22 = -0. Calculate the remainder when 163/4 - 2/(-8) is divided by 90/v + (-7)/28.
8
Let u = -298 + 321. Calculate the remainder when u is divided by 12.
11
Let z = -61 - -515. Calculate the remainder when z is divided by 35.
34
Let c(x) = 2*x**2 + 24*x + 7. Suppose -138 = -33*j + 27*j. What is the remainder when c(-16) is divided by j?
20
Calculate the remainder when (-2)/24*-1082 + (-8)/48 is divided by 11.
2
Suppose 0 = -2*i + 6*b - 3*b + 73, -b = 1. Calculate the remainder when i is divided by -57*2/(-10)*(-105)/(-63).
16
Suppose -41 = -4*u + 3*t, 0 = 5*u - 4*t - 49 - 2. What is the remainder when 20 is divided by u?
9
Let q(u) = -u**2 + 10*u + 19. Let w be q(13). Calculate the remainder when (w/(-12))/((-1)/(-57)) is divided by 25.
20
Let d(c) = c**3 + 4*c**2 - 4*c + 4. Let t be d(-5). Let w(u) = 4*u - 11. What is the remainder when w(8) is divided by (-5)/t*55/25?
10
Let m(u) = -u**3 - 3*u**2 - 2*u + 2. Let w be m(-2). Let n(p) = p**3 - 4. Calculate the remainder when n(w) is divided by 1.
0
What is the remainder when ((-480)/(-288))/(1/75*1) is divided by 26?
21
What is the remainder when 168 is divided by (-4 - (-20)/1) + 3?
16
Suppose -5*k + 10*k = 0. Suppose l - 3*l + 32 = k. What is the remainder when l is divided by 6?
4
Let i(q) = 26*q**2 - 2*q - 2. Let z be i(2). Let r = -54 + z. What is the remainder when 46/(r/12 - 3) is divided by 14?
13
Let u = -73 - -78. Suppose 7*i - 360 = -u*i. Calculate the remainder when 89 is divided by i.
29
Suppose -2*g = 2*j - 54, 8*g - 4*j - 109 = 5*g. Suppose -2*p + 3*p - 5*l - 3 = 0, p = -l + 9. What is the remainder when g is divided by p?
7
Calculate the remainder when 268 is divided by -6 - (-482)/5 - 6/(-10).
86
Suppose -2*z + 2*i = 0, 11*z - 6 = 8*z - 3*i. Calculate the remainder when 84 is divided by z.
0
Suppose 1456 = 3*d + d. Let q(g) = -g**2 + 3*g + 4. Let l be q(0). Suppose -d = -l*m - 0*m. Calculate the remainder when m is divided by 31.
29
Let l = 703 + -373. Let d be (-12)/(-8)*l/9. Let t = d + 19. What is the remainder when t is divided by 19?
17
Suppose 0 = 11*x - 8*x - 219. Let g = -2 + 7. Suppose v = 0, -g*v - 8 = -i + 11. What is the remainder when x is divided by i?
16
Let i = -5 + 0. Let w = i - -7. Suppose -2*k - 10 = -3*p, k - w = -p - p. What is the remainder when p is divided by 2?
0
What is the remainder when 518 is divided by 64/(-4 + -4) - -28?
18
Suppose -4*a + o = a - 82, 5*a = -5*o + 70. Suppose 3286 = -177*f + 239*f. Calculate the remainder when f is divided by a.
5
Let v be (-4)/(-18) + -4*(-4)/9. Suppose 146 = v*n + 2*c, 4*c = -n - 0*n + 76. What is the remainder when n is divided by 19?
15
Suppose 12 = 3*h + h. Suppose -2*w - h = -23. Suppose 4*k - 42 = -w. What is the remainder when 30 is divided by k?
6
Let n be 178/(-2)*(9 + -10). Let u = n - 12. Suppose -3*x + q = -47, 5*x + 4*q = 7*q + u. Calculate the remainder when 46 is divided by x.
14
Let z be (-1 - 2)/((-14)/42). Let k = z - -3. Calculate the remainder when 57 is divided by k.
9
Let d(z) = -z**3 + 8*z**2 - 4*z - 5. Let y(x) = -2*x**2 - 19*x - 19. Let c be y(-8). Calculate the remainder when d(c) is divided by 9.
